ime factors of r.
3, 41, 229
Let n(c) = -c**2 + 11*c - 5. Let i(y) = y**3 + 2*y**2 - 3*y - 4. Let b be i(-2). Suppose -b*q + m - 4*m + 4 = 0, -2*m = 8. List the prime factors of n(q).
19
Suppose -4*l + 6*l = 3*r - 20, 5*l = r + 2. Suppose 4*b - i - 3690 = 0, 0 = 5*b - 12*i + r*i - 4618. What are the prime factors of b?
2, 461
Suppose -4*b = 2*b - 120. Suppose 19*y - 734 = -2*f + 23*y, 0 = 4*y - b. List the prime factors of f.
13, 29
Let h(v) = -v**3 - 3*v**2 + 9*v + 2. Let k be h(4). Let c = -72 - k. Suppose c*b - 7*b + q + 710 = 0, -q = 0. List the prime factors of b.
2, 71
Let t = -40 - -52. Let q = 464 - t. What are the prime factors of q?
2, 113
Let m be 6/14 - 6520/(-140). Suppose -m = 2*z - 135. Let y = z + 57. What are the prime factors of y?
101
Let w = 59139 - 13245. What are the prime factors of w?
2, 3, 7649
Suppose 0 = -64*t + 366445 + 325331. List the prime factors of t.
3, 1201
Let m be (-10 + 9)*(0 - 21). Suppose 5*k = -2*v + 33, -1 + m = 4*k. Suppose 12 = 5*z - 2*z, -v*a + 792 = 3*z. List the prime factors of a.
3, 5, 13
Let d be ((-6)/(-4))/(3/(-6)) + 9. What are the prime factors of 4*13149/d*1/6?
3, 487
Suppose 4*n = -z + n - 82, 3*z + 2*n = -211. Let r = -64 - z. Suppose -3*i = -r*c - 0*c + 279, -5*c - 2*i + 451 = 0. List the prime factors of c.
7, 13
Suppose -15*f - 10 = -10. Suppose -z - 6*z + 1372 = f. What are the prime factors of z?
2, 7
Suppose 2*z = 5*z + 3*z. Suppose 2*x - 2*r + 4 = z, 6*x - 3*x + 3*r = -6. What are the prime factors of 628/(-10)*x/(-8)*-10?
157
Let f(q) = 306*q - 172. Let b be f(21). Suppose -24*k + 2410 + b = 0. What are the prime factors of k?
19
Let p(v) = -v - 1. Let l be p(-7). Suppose -3*k + 302 = -4*d, 0 = 5*d + 4 + l. Suppose 5*q - 458 = -8*n + 4*n, -q + k = 4*n. What are the prime factors of q?
2, 3, 5
Let f(m) = 7*m**3 + 3*m**2 + 24*m - 2. List the prime factors of f(10).
2, 3769
Let r = -329 - -1061. Let s = -347 + r. What are the prime factors of s?
5, 7, 11
Let h(w) = 6*w**2 - 4 - 32*w + 34*w - 5*w**2. Let r be h(2). What are the prime factors of (r + 113)*(-1)/(-3)?
3, 13
Suppose -3700458 = 693*q - 846*q. List the prime factors of q.
2, 3, 29, 139
Suppose -m + 495 = -5*q, -1917 = m - 5*m - q. Suppose -473*t + m*t = 8652. List the prime factors of t.
2, 3, 103
Let p(k) = -k**2 - 9*k + 18. Let l(r) = -3*r**2 - 17*r + 35. Let s(v) = 2*l(v) - 5*p(v). Let u be s(9). List the prime factors of (-2)/3*12*5/u.
2, 5
List the prime factors of (11350 - 5)/((-91)/(-273)).
3, 5, 2269
Suppose -4*r = -k + 81, 4*r - 3*k + 32 + 59 = 0. Let q be (-16 - r)/(0 - -1). Suppose 5*l + q*i - 45 = 0, i + 51 + 2 = 4*l. What are the prime factors of l?
2, 3
Let l = 684 - 619. List the prime factors of l.
5, 13
Let r = 12430 - 8205. What are the prime factors of r?
5, 13
Suppose 0 = -s + k + 1, 6*k = 2*s + 2*k + 4. Suppose 0 = -4*a - s*x + 100, 4*a - 98 = 11*x - 14*x. List the prime factors of a.
23
Let d = 187 - -136. Let r = -116 + d. List the prime factors of r.
3, 23
Suppose 60363 = 3*s + 10*d - 8*d, s - d = 20116. What are the prime factors of s?
11, 31, 59
Suppose 1381*r = 1364*r + 140488. What are the prime factors of r?
2, 1033
Let f(j) be the first derivative of 2*j**2 - 34*j + 3. Let y be f(9). Suppose -5*g = -y*g + v - 325, -g = v - 107. List the prime factors of g.
109
Let a = -296 + 925. Let o = a + 349. List the prime factors of o.
2, 3, 163
Let j = 10588 - 9782. What are the prime factors of j?
2, 13, 31
Let r = -165 - -176. Suppose r*x + 0*x - 1254 = 0. List the prime factors of x.
2, 3, 19
Let m be (-7 - -8 - (3 - 2)) + 398. Suppose m = 3*k + 5. What are the prime factors of k?
131
Let w = 8453 - 1757. Suppose -15*h + w = -14514. What are the prime factors of h?
2, 7, 101
Suppose 38*l - 5*l = 188595. What are the prime factors of l?
3, 5, 127
Let y = 4706 + -1973. List the prime factors of y.
3, 911
Suppose -8051 = -24*c + 13525. List the prime factors of c.
29, 31
Let q(r) = r**3 - 18*r**2 - 18*r - 37. Let o be q(20). Let j = -62 + o. List the prime factors of j.
11, 31
Suppose c = 5*o + 145, 0 = 3*o - 5*c + 60 + 5. Let q = 45 - o. What are the prime factors of (5/3)/(5/q)?
5
Let s = -9875 - -49044. What are the prime factors of s?
13, 23, 131
Suppose -5*y - 90 + 110 = 0. Let f(j) = -120*j**3 - 2*j - 1. Let b be f(-1). Suppose a = -2*h + b, -y*h + 2*a + 204 = -18. List the prime factors of h.
2, 29
Let b = -61934 - -121676. List the prime factors of b.
2, 3, 3319
Let p = 5528 - 8040. What are the prime factors of p/(-14)*(-7)/(-2)?
2, 157
Let r be 2/((14/(-21))/((-152)/(-6))). Let m be (-1)/((9/(-3))/417). Let l = m + r. List the prime factors of l.
3, 7
Let a = -2698 - -7556. What are the prime factors of a?
2, 7, 347
Let s(u) = 3*u**2 + 27*u + 85. List the prime factors of s(29).
3391
Suppose w + 51 = g + 6*w, 2*g - 78 = -4*w. Suppose 73 = 4*p - g. Suppose 6*d - 10 = p. List the prime factors of d.
2, 3
Let x be -5 + -2*(-3 - 1). Suppose 2*d + 3*v = -39, x*d = -4*v - 15 - 44. Let q = 87 + d. List the prime factors of q.
2, 3, 11
Suppose 360*f - 13578 = -2*w + 359*f, 0 = -5*w + 4*f + 33932. What are the prime factors of w?
2, 1697
Let h = -25 - -28. Suppose -3*m = -0*m + h*p - 3282, -3*m + 3289 = -4*p. What are the prime factors of m?
3, 5, 73
Let l be (-4)/30 - (-4)/30. Suppose -2*z - 2*a + 946 = l, 5*a - 19 = 1. List the prime factors of z.
7, 67
Let n(b) = -b**2 - 18*b - 52. Let w(q) = q**2 + 17*q + 52. Let j(o) = 6*n(o) + 5*w(o). Let c be j(-16). Let s = -2 + c. List the prime factors of s.
2, 29
Let y be 1250/4 - 4 - (-3)/6. Let m = y + -268. List the prime factors of m.
41
Let n be -3*(2 - 10/3). Suppose -2*m - p = -85, -m = -n*p - 46 + 8. Suppose 0*c + 6*c = m. What are the prime factors of c?
7
Let i be 75*((-2)/(-10) - (-2639)/(-195)). What are the prime factors of (66/(-55))/(3/i)?
2, 5
Suppose 5*m + 3*b - 12 = 0, -2*m = -3*m + 4*b - 16. Suppose -t = m, x + 2*t = -0*x + 84. Suppose 7*a - x = -0*a. What are the prime factors of a?
2, 3
Suppose 62*p - 86380 = 55*p. What are the prime factors of p?
2, 5, 617
Suppose 336*t = 348*t - 43320. List the prime factors of t.
2, 5, 19
Suppose -196*n - 188268 = -225*n. List the prime factors of n.
2, 3, 541
Suppose -3*i - h + 120292 = 0, -3*h - 80240 = -2*i + 2*h. What are the prime factors of i?
2, 5, 401
Suppose -2*j + 939 = -5*p, 0*j - 555 = 3*p - 4*j. Let n = p - -306. What are the prime factors of n?
3, 13
Let s be 3/(-3)*-1 - -1. Suppose -s*z - 137 = -i, 4*i + 10*z - 5*z - 613 = 0. Suppose p + 3*a - i = -2*p, 0 = -p + a + 39. List the prime factors of p.
2, 11
Let d = 159 + -157. Suppose x + 2*i = -i + 440, -x - d*i = -443. List the prime factors of x.
449
Suppose 30*a - 34*a - 222768 = -17*a. What are the prime factors of a?
2, 3, 7, 17
List the prime factors of 6/(-168)*-14*6564.
2, 3, 547
Suppose -82*i - 5*z - 168095 = -87*i, -i + 33661 = 5*z. List the prime factors of i.
2, 17, 23, 43
Suppose -3*u = -j + 2077 - 534, -4*u = 4*j - 6252. Suppose -280 = 3*y - j. List the prime factors of y.
2, 3, 71
Suppose -8 = -3*g - 2*j, -3*g + 6 = -j + 1. Suppose 2*x - 2757 + 942 = 5*h, -g*h - 2 = 0. Suppose -x = -5*t - 220. What are the prime factors of t?
137
Suppose 0 = -9*t + 4*t + 5*v - 330, 3*v - 320 = 5*t. Let o = t - -115. What are the prime factors of o?
2, 3
What are the prime factors of (3 + -1)/(1 + (-30228)/30239)?
2, 2749
Suppose -166*j - 44 = -177*j. Suppose 2*w - w + j*h - 572 = 0, -2*w - 3*h + 1129 = 0. What are the prime factors of w?
2, 5, 7
Suppose -37*o + 181759 = 5*d - 34*o, 4*d - o - 145380 = 0. What are the prime factors of d?
19, 1913
Suppose -15 = j + 2*j. Let k(l) = 5*l**2 - l**2 + 2*l**2 + 15*l - 6. What are the prime factors of k(j)?
3, 23
Suppose -2*a + 7167 = o, 103*a - 4*o - 17950 = 98*a. What are the prime factors of a?
2, 11, 163
Suppose 2*y - 190 = -3*n - 3*y, 5*y - 80 = -n. Let k = n - 35. Let m = -1 + k. List the prime factors of m.
19
Let n(q) = 15*q**3 + q**2 - 3. Let j be n(2). Suppose -a = -r - 26, 7*a = 2*a + 2*r + j. Suppose a*h + 204 = 29*h. What are the prime factors of h?
2, 17
Suppose 51*z + 96202 = 382822. List the prime factors of z.
2, 5, 281
Let r = -6056 + 20424. What are the prime factors of r?
2, 449
Let c(i) = 15*i - 59. Let l be c(6). What are the prime factors of 3/(((-6)/950)/(l/(-155)))?
5, 1